 k?
9
Suppose 156366 = 15*m + 104*m. Calculate the greatest common divisor of m and 292.
146
Let o be 3 + -2 + -3 + 9. Let m = -546 + 599. Suppose -6*b + 263 = m. Calculate the highest common divisor of o and b.
7
Suppose -3*y = y. Suppose 5*a - 3*l = 849, y*a + l + 339 = 2*a. Let m = -5 + 47. What is the greatest common divisor of m and a?
42
Suppose -81*c + 303*c = 13764. What is the highest common factor of 806 and c?
62
Let g(n) = -n**2 - 37*n - 138. Let u be g(-32). Suppose -4*p + 2131 = 279. Suppose 166 = -3*s + p. Calculate the highest common divisor of s and u.
11
Suppose -u - 5 = 0, -5*z = 5*u - 32 - 33. What is the greatest common factor of 906 and z?
6
Let k be 4/12 - (-304)/6. What is the highest common divisor of 663 and k?
51
Let x(g) = -13*g**2 + 24*g + 3. Let t be x(2). Let w be -62 - -56 - (t + -24). Let d = 41 - 22. Calculate the highest common divisor of d and w.
19
Suppose z = -2*z - 4*q + 37, -5*q = 4*z - 50. Let i be -1*(7 - (6 - -4)). Let o be 410/i - (70/(-6))/(-7). What is the greatest common factor of o and z?
15
Suppose 22*y = -103*y + 20250. What is the highest common factor of 12 and y?
6
Suppose -1006 = -5*v - 5*x + 2629, 0 = 5*v - 3*x - 3675. Calculate the greatest common factor of v and 120.
12
Let q = 90 - 83. Let h be (413/q + -3)*1. What is the highest common divisor of 504 and h?
56
Suppose -3*u + 252 = 3*x, -120*x + 116*x + 249 = 3*u. What is the greatest common factor of u and 8468?
29
Let n = 13511 - 5971. Calculate the highest common factor of n and 13.
13
Let v(w) = 2*w**2 - 160*w - 304. Let z be v(82). Suppose -2*x + 9 = -o, -5*x + 5*o = 4 - 19. What is the highest common factor of x and z?
6
Suppose 0*w + 688 = 5*z - 4*w, 2*w + 548 = 4*z. Let l be (-82)/(-5) + ((-36)/(-60) - 1). Calculate the greatest common factor of l and z.
8
Let w = 550 + -547. Suppose 5*l - 3*r = 16, -l + 4*r + w = 2*l. Suppose -2*n - 20 = -j - j, -5*j = 5*n. What is the highest common factor of l and j?
5
Suppose -73*c + 36*c = 82*c - 20349. What is the greatest common divisor of 969 and c?
57
Let p(r) = 19*r + 97. Let m be p(-24). Let y = 367 + m. What is the greatest common divisor of 4 and y?
4
Let w(s) = s**2 - s - 48. Suppose 12 = -2*q + 2*c, 7*c + 65 = -5*q + 5*c. Let o be w(q). Calculate the highest common factor of o and 28.
28
Let h = -66 - -94. Suppose h*v = 29*v - 13. Calculate the greatest common factor of v and 611.
13
Let l = 137 - -12. Let a = l - 137. What is the greatest common divisor of 12 and a?
12
Let x be (-136)/(-14) - (-2)/21*3. Suppose 2*j - 14 = -z, -4*z + x = 2*j - 58. What is the highest common divisor of z and 234?
18
Suppose 15 = -4*g + 23. Suppose -g*s = 497 - 75. Let f = -119 - s. What is the greatest common divisor of f and 23?
23
Suppose -4183 + 21553 = 193*j. Calculate the highest common divisor of 10035 and j.
45
Let f = 997 + -592. Suppose 98 = 2*n + 4*u, 5*n = -3*u + 111 + 120. What is the highest common divisor of f and n?
45
Let r(o) = 14*o + 12. Let z be r(7). Let d be 314/18 - 7 - (-16)/(-36). What is the highest common divisor of d and z?
10
Suppose 0 = 5*p + 3*x - 144, 58*x - 165 = -6*p + 57*x. What is the greatest common divisor of p and 7803?
27
Let j(n) = -n**2 + 102*n + 3378. Let l be j(-26). Calculate the greatest common factor of 1810 and l.
10
Let i = 1787 + -1781. Let h be 6 + (-1)/2*0. Calculate the highest common factor of h and i.
6
Let a = 565 + -544. Let i(d) = d**3 - 8*d**2 + d - 6. Let h be i(8). Let o be h/(-9) + (-5682)/(-54). What is the greatest common factor of o and a?
21
Let g = 315 + -316. Let a be ((-378)/56 - -5)/(g/364). Calculate the highest common divisor of a and 13.
13
Let c = 4639 - 4683. Suppose -v + 2*j = -0*j + 22, -73 = 4*v - 3*j. Let a be ((-33)/c)/((-2)/v). What is the highest common divisor of a and 18?
6
Let v be 3/(-138)*4 + 13810/115. Calculate the greatest common divisor of v and 3648.
24
Let o be -1 - (-78 + -2 + 2). Let g be 4 + -10 + -1 - 12*(-12)/8. What is the greatest common factor of o and g?
11
Let b = 8 - 24. Let q(f) = -5*f + 39. Let l be q(b). Suppose -109 = -6*n + l. Calculate the highest common factor of 95 and n.
19
Let a = -3815 - -3828. What is the highest common divisor of a and 8983?
13
Let q be (18/30)/(14/40)*42. Calculate the highest common factor of 68 and q.
4
Suppose 3*y = 3 + 9. Suppose y = 2*i - 2. Suppose 3*j + 2*d - 54 = -d, 3*d + 114 = 5*j. What is the greatest common divisor of i and j?
3
Let u be (-357)/(-14) + 230/20 + -13. What is the greatest common factor of 16596 and u?
12
Suppose 29*x - 5828 = 8962. Suppose 42*m - x = 36*m. What is the greatest common factor of 5 and m?
5
Let o(m) = -2*m**2 + 157*m - 11. Let c be o(49). Calculate the highest common factor of 45 and c.
45
Let b be -9 + 10 + (1/(-2))/(10/(-21940)). Calculate the highest common divisor of b and 8601.
183
Suppose 7*n - 2*n = 5*j - 2925, 4*j - 2346 = 5*n. What is the highest common divisor of 2123 and j?
193
Suppose -4*x + 42 = 2*j, -3*x - 3 + 7 = -4*j. What is the highest common divisor of 1112 and x?
8
Suppose -11*c = -12*c + 9. Suppose c*a + 80 = 13*a. Let p be 96 - 25/(a/4). Calculate the highest common factor of 26 and p.
13
Let t(s) = 80*s**2 + 455*s - 6. Let g be t(4). Calculate the highest common divisor of g and 14.
14
Suppose 10*y - 3210 - 90 = 0. Calculate the highest common divisor of 1452 and y.
66
Suppose 44 - 169 = -w. Let v be 2/(-3)*-6 - 1*w. Let f = v - -137. Calculate the highest common factor of 208 and f.
16
Let m be 3 + 4/(4*-1). Let l be (-1)/(-8)*m*52. Let z be (-1166)/(-10) + 34/85. What is the highest common divisor of l and z?
13
Suppose 143946 = 4712*k - 4679*k. What is the greatest common divisor of k and 12?
6
Let w = 26295 - 26223. Let x be 14978/13 + (-6)/39. What is the greatest common factor of x and w?
72
Let s(k) = -k - 16. Let f be s(-7). Let d(y) = y**3 + 10*y**2 + 23*y + 10. Let i be d(f). Let u = i + 172. Calculate the greatest common factor of 7 and u.
7
Let o(t) = 37*t**2 + 15*t + 40. Let j be o(5). Calculate the greatest common divisor of 650 and j.
130
Let v(n) = 2*n**2 + 41*n + 161. Let z be v(-16). Let g(i) = -24*i + 4. Let r be g(-6). Let l = r - 80. Calculate the highest common factor of l and z.
17
Let w = 6219 + -6097. Let v(d) = 5*d**2 + 9*d - 3. Let a be v(7). What is the greatest common divisor of w and a?
61
Suppose -20*s + 15*s = 4*f - 1634, -5*s + 2050 = 5*f. What is the highest common factor of 116 and f?
4
Suppose 0 = 3*u + h - 6, 0 = 4*u + 138*h - 142*h - 8. Calculate the greatest common divisor of 8 and u.
2
Let m be (-9)/(-2)*(0 + 32/72). Suppose -2*y - m*y + 115 = 3*q, 3*q - 3 = 0. Calculate the highest common factor of 14 and y.
14
Let w be ((-4)/(-5))/((32/20)/4). Suppose w*z + 3*z - 2*q - 40 = 0, -3*z - 5*q - 7 = 0. What is the highest common divisor of z and 2?
2
Let g = 5379 + -3619. What is the greatest common factor of g and 55?
55
Let w = 22 + -3. Let x(q) = -q**3 + 12*q**2 - 38*q + 8. Let c be x(6). Let m = c + w. What is the highest common factor of 30 and m?
15
Suppose 0 = 2*p - k - 49181, -5*p + 47199 + 75750 = k. Calculate the greatest common factor of p and 10.
10
Let o be (0 - (2 - 1))*-23. Let w = 895 - 276. Suppose -19*i = -692 - w. Calculate the greatest common divisor of i and o.
23
Suppose 95*n + 420 = 100*n. Let f = 48 - -15. What is the highest common divisor of n and f?
21
Suppose -r = -2*g + 215, -3*r - 5*g + 3*g - 677 = 0. Let l = r + 251. Let f(w) = w + 8. Let y be f(-4). What is the highest common divisor of y and l?
4
Suppose -5*g = -3*p + 2769, 8*p - 7*p - 4*g - 916 = 0. Suppose 55*i = 23*i + p. Calculate the greatest common factor of i and 290.
29
Suppose -74*u + 51*u + 299 = 0. What is the highest common factor of 8060 and u?
13
Suppose 464 = h - 0*h. Let l = -36566 - -36595. What is the highest common factor of h and l?
29
Let j be (-24)/8*(-356)/3. Let z = 394 - j. Calculate the greatest common factor of z and 247.
19
Let r be (-3)/(4*24/(-12064)). Calculate the highest common divisor of 52 and r.
13
Suppose -3*n + 0*n = -9. Suppose 7*k = -2*i + n*k + 156, 2*i - 156 = 2*k. What is the greatest common factor of i and 52?
26
Let j = 8 + -3. Suppose 0 = -2*l + s + j, 0*l + s = -2*l + 15. Suppose -l = -5*p, -2*p = 5*x + 15 - 122. Calculate the greatest